(j) = -91 + 353 - 92 - j - 116. Determine m(0).
54
Let d(i) be the third derivative of -i**4/24 + 11*i**3/6 + 445*i**2. What is d(2)?
9
Let j be 5/1 - ((-1525)/(-549) + 2/9). Let f(r) = 5*r**3 - 4*r**2 - 2*r + 8. Calculate f(j).
28
Let l(t) = 27*t**3 + 9*t**2 + 16*t - 32. Let s(n) = 27*n**3 + 8*n**2 + 14*n - 28. Let b(u) = -7*l(u) + 8*s(u). Let r(a) = 2*a - 15. Let m be r(7). Give b(m).
-26
Let c be 4/(-14) + 9/7. Suppose 3*x + 2*v = -5, -21 + 1 = -4*x + 4*v. Let w(d) = -5*d**2 + 86*d - 168*d - x + 82*d. Determine w(c).
-6
Suppose -125*d + 120*d + 5 = 0. Let t(j) = 35*j**2 - 1. Give t(d).
34
Let t(r) = -r**3 + 51*r**2 - r - 91. Let b(y) = -y**3 + 56*y**2 - 2*y - 91. Let m(x) = 4*b(x) - 5*t(x). Give m(31).
-2
Let l(p) = p**2 + p**2 + 79*p**3 + 3*p - 5*p**2 - 80*p**3. Let i(j) = 5*j**2 - 8*j - 2. Let k be i(4). Let w = 43 - k. Calculate l(w).
-9
Let x be 18/30 - -11*(-4)/(-10). Suppose 2*b + 4*q = -72, 2*b - 2*q - x = -59. Let p = b + 34. Let v(n) = n**2 - 4*n - 3. Determine v(p).
-3
Let a(c) = -2*c + 2. Let x(v) = -10*v + 51. Let l(k) = -8*a(k) + x(k). What is l(9)?
89
Let v(o) = -o**3 - o**2 + 7*o - 6. Suppose 31*d - 34 = 33 - 5. Determine v(d).
-4
Let m be ((-6)/9)/((-4)/6). Let p(r) = -5*r**3 - 2353*r**2 + 586*r**2 - 1 + 591*r**2 + 591*r**2 + 587*r**2 - 23*r**3. Give p(m).
-27
Let k(t) = 237*t + 20. Let w(c) = 45*c - 1. Let b(x) = -k(x) + 5*w(x). Calculate b(-3).
11
Suppose 5*d = 3*m + 36, 5*d - 3*d = -4*m + 4. Suppose d = p + p. Let j(x) be the first derivative of x**3/3 - 2*x - 9525. Give j(p).
7
Let r(p) = 542 - p**3 - 8*p**2 - 6*p**2 + 635 + 21*p - 1082. Calculate r(-15).
5
Let r(s) = s + 1. Suppose 22*h = 267 + 2549. Let f = 127 - h. Give r(f).
0
Let m(x) = -8*x - 4. Let r be (-7 - (-4 - 5)) + 2 + -2. Suppose 5*v - 4*n + 12 = 0, -11*v - 12 = -9*v + r*n. Calculate m(v).
28
Suppose 23*g + 2001 = 964 + 945. Let m(r) = 8*r + 40. Give m(g).
8
Let g(v) be the second derivative of v**4/6 + v**3/6 - v**2 - 526*v. What is g(-4)?
26
Suppose -u - 4*u + 35 = 0. Suppose -19*j + 18*j = 3*m - 95, -149 = -5*m + 3*j. Let b(p) = 36 + 6*p**2 - 5*p**2 - 9*p - 62 + 0*p**2 + m. What is b(u)?
-9
Let v be (-30)/50 - (-3)/5. Let f(n) = -n**3 - 4*n**2 - 3*n + 7. Let x(t) = 3*t**3 + 11*t**2 + 8*t - 20. Let g(h) = 11*f(h) + 4*x(h). Give g(v).
-3
Let h(d) = d**3 - 4*d**2 + 5*d - 16. Let o be h(4). Let b be (-4 + o)*(10/(-5))/(-6). Let n(f) = f + 3*f**2 + 0*f - 13 - 2*f**2 + 0*f. Determine n(b).
-13
Let m(w) = -4*w - 28. Let z(a) = 21*a + 24. Let d(x) = -10*x - 13. Let t(y) = -13*d(y) - 6*z(y). Let b(h) = -4*m(h) - 5*t(h). Give b(-5).
7
Let s(g) = 3475*g - 10420*g + 13 + 9 + 3470*g + 3477*g. Calculate s(12).
46
Let n(c) = c**3 + 5*c**2 + 2*c + 3. Suppose -13*l + 315 - 55 = 0. Suppose 52*h + l = 47*h. Calculate n(h).
11
Let a(z) = 20*z - 144. Let t be 95/1330 - (-166)/28. Give a(t).
-24
Let y(t) = -t**3 + 2*t**2 + 5*t + 4. Let k be y(-1). Let o(n) = 3*n + 14*n**k + n**3 - 10*n**2 + 3 - 2*n. Determine o(-3).
9
Let m(t) be the first derivative of 6*t**2 + 5*t + 1420. Calculate m(-5).
-55
Suppose 0 = -w - 3*w - 32. Let l(y) = -10*y**3 - 4*y**2 + 12*y + 25. Let p(b) = -7*b**3 - 5*b**2 + 11*b + 19. Let z(i) = -2*l(i) + 3*p(i). Give z(w).
-1
Let c be (10/7)/(12/210*-5). Let g(k) = -2*k**2 - 11*k - 13. What is g(c)?
-8
Let l(y) = y**2 + 12*y + 3. Let a = -7786 + 7771. What is l(a)?
48
Let r(w) = 23*w**3 + 2*w**2 + 15*w + 2. Let y(v) = -13*v**3 - v**2 - 9*v - 1. Let a(m) = -4*r(m) - 7*y(m). Determine a(2).
-7
Let c = -1431 - -1419. Let y(a) = -a - 8. Calculate y(c).
4
Let q = 8221 + -8215. Let y(f) = -9*f + 50. What is y(q)?
-4
Let q(n) be the third derivative of n**6/120 + 2*n**5/15 - 7*n**3/6 + n**2 - 6901*n. Suppose 0 = 2*y - g + 20, -4*y + 6*y = -g - 12. What is q(y)?
-7
Suppose 0 = -s + a + 101, -4*a + 24 + 160 = 2*s. Let x(c) = s - 3*c - 98. Suppose -5*z = -z - 5*m - 33, -m = 1. What is x(z)?
-21
Let p(w) be the first derivative of -1/3*w**3 + w - 3/2*w**2 - 78. Determine p(-5).
-9
Suppose -3 = w + 2*m + 3*m, 2*m = -2. Let o = 3 + w. Let r(u) be the first derivative of u**4/4 - 2*u**3 + 5*u**2/2 + 4*u - 3120. Calculate r(o).
4
Let p = -25 + 28. Let z(v) = 76*v - 32. Suppose 1802*x - 192 = 1808*x. Let h(s) = 7*s - 3. Let n(u) = p*z(u) + x*h(u). Determine n(-6).
-24
Let o(p) be the first derivative of -p**6/360 - p**5/10 - p**4/12 + 14*p**3 - p - 198. Let r(m) be the third derivative of o(m). Determine r(-12).
-2
Let l(j) = -j**2 - 77*j - 73*j + 2*j**2 + 148*j + 2. Suppose -187 + 51 = -34*i. What is l(i)?
10
Let l(b) be the first derivative of -2*b**2 - b - 220. Let a = 300 - 303. What is l(a)?
11
Let g be (-110)/8 - ((-1206)/72 - (8 - 24)). Let y(s) be the second derivative of s**4/12 + 7*s**3/3 + 15*s**2/2 + 2*s. What is y(g)?
2
Let k(a) = a**3 + 15*a**2 - 15*a + 2. Suppose 3 + 13 = 4*l, -2*c - 4*l - 16 = 0. Give k(c).
-14
Let c(u) be the first derivative of u**4/2 - 2*u**3/3 - 5*u**2 + 12*u + 11311. Give c(1).
2
Let m(j) be the second derivative of j**4/24 + 2*j**3/3 + 135*j**2/2 - j + 143. Let o(w) be the first derivative of m(w). Let i be (2/3)/(2/9). Give o(i).
7
Let a(w) = 3*w - 14. Suppose -105*g - 4*s - 12 = -109*g, g + 4*s = 3. What is a(g)?
-5
Let w(x) be the second derivative of 7*x**4/3 - 2*x**3/3 + 3*x**2 + 2*x + 676. Give w(2).
110
Let s(r) = -2*r**3 - 16*r**2 - 17*r - 19. Let x(i) = 4*i**2 - 84*i - 935. Let y be x(-8). What is s(y)?
2
Let q(m) = m - 11. Suppose -4*k + 0*y - 48 = -4*y, -3*k - 11 = 2*y. Let j(h) = -h + 13. Let b(t) = k*q(t) - 6*j(t). What is b(-5)?
4
Suppose 4*t + 38 = -3*s, -5*s - 20 = -0*s - 2*t. Let n(j) = j**2 + 1. Let c(o) = 4*o**2 - 6*o + 3. Let q(m) = c(m) - 5*n(m). Calculate q(s).
-2
Let c(t) be the second derivative of -3*t**3/2 - 13*t**2/2 + 1078*t. Calculate c(-6).
41
Suppose o - 5*u = 4*o - 100, -5*u = 2*o - 75. Suppose 0 = -2*n + 5*y - 45, 0 = -5*n + y - 96 - 51. Let f = n + o. Let d(l) = 2*l**2 + 7*l + 5. What is d(f)?
20
Let i = -302 + 304. Let j(f) = -3*f**i - 615 - f**3 + 3*f + 620 + 0*f**2. What is j(-4)?
9
Let n(w) = -7*w**2 + 3. Let l(s) = 19*s**2 + 3*s - 8. Let o(z) = -3*l(z) - 8*n(z). Determine o(-9).
0
Let s = 6 + -4. Let m(w) = w**3 - 3*w**2 + 4*w - 2. Let v(d) be the first derivative of -d**2/2 + 2. Let p(j) = m(j) + 2*v(j). Calculate p(s).
-2
Let j = 4 + -5. Let s(v) = 17*v. Let l be s(j). Let o = -14 - l. Let b(c) = c - 4. Give b(o).
-1
Suppose -4*j + w = 22, 24 = -5*j - 5*w + 9. Let r(y) = 4*y + 1. Calculate r(j).
-19
Let x(i) be the second derivative of -i**5/4 - i**4/6 + i**3/6 - 5*i + 7. Let v be x(1). Let y(o) = -o**2 - 5*o + 3. Give y(v).
-3
Let s(d) = -2*d**2 - 7*d. Let i(q) = -8*q + 40. Let j(y) = -8*y + 37. Let r(m) = 6*i(m) - 7*j(m). Let z be r(2). What is s(z)?
3
Suppose 2*g - 330 = 5*x - 404, 2*g + 10 = x. Let l(z) be the second derivative of -z**4/12 + z**3/2 + 3*z**2/2 - 2*z. Determine l(g).
3
Let o(r) be the second derivative of -4*r + 0*r**3 + 0 - 29/2*r**2 + 1/30*r**5 - 1/24*r**4. Let m(i) be the first derivative of o(i). Determine m(1).
1
Let v(o) = -10*o - 4. Suppose -90*q + 58*q + 32 = 0. Determine v(q).
-14
Let n(i) = -i + 5. Let p(a) = -a**3 - 42*a**2 - 148*a + 3. Let z be p(-4). Calculate n(z).
18
Suppose -4*n = -72 - 296. Let k(j) = n*j - 1 - 128*j + 75*j. What is k(1)?
38
Let z(j) = 2*j**2 + 94*j + 288. Let l be z(-3). Let g(b) = -2*b + 52. What is g(l)?
4
Let s = -237 + 128. Let w = s + 113. Let t(i) = 3 - i**2 + 3*i - 1 - 5. Determine t(w).
-7
Let m(r) be the first derivative of -r**4/4 + 5*r**3/3 + r**2/2 + 4*r + 841. Calculate m(0).
4
Let g(n) = -7*n - 8. Let j be (-42)/(-28) + 85/(-34). Give g(j).
-1
Let l = -41 + 41. Suppose 7*y - 3*y - i - 19 = l, -3*y + 4*i = -11. Suppose 0*c - y*c - 16 = -3*z, -4*z - c = 17. Let p(k) = k**3 + 4*k**2 + k - 3. Give p(z).
3
Let p = -162 + 187. Suppose -p*c + 76 - 26 = 0. Let m(k) = 2*k - 2. Calculate m(c).
2
Let s(g) = -g**2 + 4*g - 2. Let m be -1 + (9/27)/((-1)/(-9)). Let r be m + 8/(-6) + 48/36. Suppose 1 - r = i, 11 = 3*l - 2*i. Determine s(l).
1
Suppose -l + 6 + 20 = 5*n, -5*n + 28 = 3*l. Let w be (-27)/(-36) + l + (-50)/(-8). Let o(s) = s**3 - 7*s**2 - 8*s. Give o(w).
0
Let c(k) be the third derivative of -k**5/60 + 3*k**4/8 + 13*k**3/6 + 7211*k**2 + 2. Let b(f) = f**3 - f + 2. Let n be b(0). Let m = 9 + n. Calculate c(m).
-9
Let k(v) = -5*